{"id":1100,"date":"2015-10-07T20:17:51","date_gmt":"2015-10-07T20:17:51","guid":{"rendered":"http:\/\/aandrijftechniektotaal.nl\/?page_id=1100"},"modified":"2016-01-19T17:02:14","modified_gmt":"2016-01-19T17:02:14","slug":"wartung","status":"publish","type":"page","link":"https:\/\/aandrijftechniektotaal.nl\/?page_id=1100","title":{"rendered":"Wartung"},"content":{"rendered":"<p>Die Wartungsarbeiten werden in der Regel an Lagern und Abdichtungen von vielen verschiedenen Getrieben, R\u00fcttlern, Seilwinden, Schwertw\u00e4schern, Sieb- und Brechanlagen, Mischern, Elektromotoren, Feststoffpumpen und Fl\u00fcssigkeitskupplungen durchgef\u00fchrt.<\/p>\n<p>Falls erforderlich werden die Lager und Zahnr\u00e4der mit einer eigenen Induktionsheizung auf die richtige Temperatur gebracht. (Mit einer minimalen Innenbohrung von \u00f8 10mm und einer maximalen Au\u00dfenbohrung von \u00f8 350mm, \u00b1 45 kg). Nat\u00fcrlich geschieht dies auch vor Ort.<\/p>\n<p>Auf Anfrage liefern wir Ihnen gerne einen ausf\u00fchrlichen Bericht sowie Fotos der Wartungsarbeiten.<\/p>\n<p>Beispiel Wartung der Lager von R\u00fcttlern:<\/p>\n<p><a href=\"https:\/\/aandrijftechniektotaal.nl\/wp-content\/uploads\/2014\/01\/revisie1.jpg\"><img loading=\"lazy\" decoding=\"async\" class=\"alignleft size-thumbnail wp-image-66\" src=\"https:\/\/aandrijftechniektotaal.nl\/wp-content\/uploads\/2014\/01\/revisie1-150x150.jpg\" alt=\"\" width=\"150\" height=\"150\" \/><\/a><a href=\"https:\/\/aandrijftechniektotaal.nl\/wp-content\/uploads\/2014\/01\/revisie11.jpg\"><img loading=\"lazy\" decoding=\"async\" class=\"alignleft size-thumbnail wp-image-56\" src=\"https:\/\/aandrijftechniektotaal.nl\/wp-content\/uploads\/2014\/01\/revisie11-150x150.jpg\" alt=\"\" width=\"150\" height=\"150\" \/><\/a><\/p>\n<p><a href=\"https:\/\/aandrijftechniektotaal.nl\/wp-content\/uploads\/2014\/01\/revisie10.jpg\"><img loading=\"lazy\" decoding=\"async\" class=\"alignleft size-thumbnail wp-image-57\" src=\"https:\/\/aandrijftechniektotaal.nl\/wp-content\/uploads\/2014\/01\/revisie10-150x150.jpg\" alt=\"\" width=\"150\" height=\"150\" \/><\/a><\/p>\n<p>&nbsp;<\/p>\n<p>&nbsp;<\/p>\n<p>&nbsp;<\/p>\n<p>&nbsp;<\/p>\n<p>&nbsp;<\/p>\n<p>&nbsp;<\/p>\n<p>Beispiel Wartung der Lager einer Siebmaschine auf der Baustelle:<\/p>\n<p><a href=\"https:\/\/aandrijftechniektotaal.nl\/wp-content\/uploads\/2014\/01\/revisie9.jpg\"><img loading=\"lazy\" decoding=\"async\" class=\"alignleft size-thumbnail wp-image-58\" src=\"https:\/\/aandrijftechniektotaal.nl\/wp-content\/uploads\/2014\/01\/revisie9-150x150.jpg\" alt=\"\" width=\"150\" height=\"150\" \/><\/a><a href=\"https:\/\/aandrijftechniektotaal.nl\/wp-content\/uploads\/2014\/01\/revisie8.jpg\"><img loading=\"lazy\" decoding=\"async\" class=\"alignleft size-thumbnail wp-image-59\" src=\"https:\/\/aandrijftechniektotaal.nl\/wp-content\/uploads\/2014\/01\/revisie8-150x150.jpg\" alt=\"\" width=\"150\" height=\"150\" \/><\/a><\/p>\n<p>&nbsp;<\/p>\n<p>&nbsp;<\/p>\n<p>&nbsp;<\/p>\n<p>&nbsp;<\/p>\n<p>&nbsp;<\/p>\n<p>&nbsp;<\/p>\n<p>Beispiel Wartung der Lager von Brechern:<\/p>\n<p><a href=\"https:\/\/aandrijftechniektotaal.nl\/wp-content\/uploads\/2014\/01\/revisie7.jpg\"><img loading=\"lazy\" decoding=\"async\" class=\"alignleft size-thumbnail wp-image-60\" src=\"https:\/\/aandrijftechniektotaal.nl\/wp-content\/uploads\/2014\/01\/revisie7-150x150.jpg\" alt=\"\" width=\"150\" height=\"150\" \/><\/a><a href=\"https:\/\/aandrijftechniektotaal.nl\/wp-content\/uploads\/2014\/01\/revisie6.jpg\"><img loading=\"lazy\" decoding=\"async\" class=\"alignleft size-thumbnail wp-image-61\" src=\"https:\/\/aandrijftechniektotaal.nl\/wp-content\/uploads\/2014\/01\/revisie6-150x150.jpg\" alt=\"\" width=\"150\" height=\"150\" \/><\/a><a href=\"https:\/\/aandrijftechniektotaal.nl\/wp-content\/uploads\/2014\/02\/revisie12.jpg\"><img loading=\"lazy\" decoding=\"async\" class=\"alignleft size-thumbnail wp-image-100\" src=\"https:\/\/aandrijftechniektotaal.nl\/wp-content\/uploads\/2014\/02\/revisie12-150x150.jpg\" alt=\"\" width=\"150\" height=\"150\" \/><\/a><\/p>\n<p><a href=\"https:\/\/aandrijftechniektotaal.nl\/wp-content\/uploads\/2014\/05\/revisie14.jpg\"><img loading=\"lazy\" decoding=\"async\" class=\"alignleft size-thumbnail wp-image-119\" src=\"https:\/\/aandrijftechniektotaal.nl\/wp-content\/uploads\/2014\/05\/revisie14-150x150.jpg\" alt=\"\" width=\"150\" height=\"150\" \/><\/a><\/p>\n<p>&nbsp;<\/p>\n<p>&nbsp;<\/p>\n<p>&nbsp;<\/p>\n<p>&nbsp;<\/p>\n<p>&nbsp;<\/p>\n<p>&nbsp;<\/p>\n<p>Beispiel Wartung der Lager von Schwertw\u00e4schern:<\/p>\n<p><a href=\"https:\/\/aandrijftechniektotaal.nl\/wp-content\/uploads\/2014\/01\/revisie5.jpg\"><img loading=\"lazy\" decoding=\"async\" class=\"alignleft size-thumbnail wp-image-62\" src=\"https:\/\/aandrijftechniektotaal.nl\/wp-content\/uploads\/2014\/01\/revisie5-150x150.jpg\" alt=\"\" width=\"150\" height=\"150\" \/><\/a><a href=\"https:\/\/aandrijftechniektotaal.nl\/wp-content\/uploads\/2014\/01\/revisie4.jpg\"><img loading=\"lazy\" decoding=\"async\" class=\"alignleft size-thumbnail wp-image-63\" src=\"https:\/\/aandrijftechniektotaal.nl\/wp-content\/uploads\/2014\/01\/revisie4-150x150.jpg\" alt=\"\" width=\"150\" height=\"150\" \/><\/a><\/p>\n<p>&nbsp;<\/p>\n<p>&nbsp;<\/p>\n<p>&nbsp;<\/p>\n<p>&nbsp;<\/p>\n<p>&nbsp;<\/p>\n<p>&nbsp;<\/p>\n<p>Beispiel Wartung von Antriebs- und Zahnriemen:<\/p>\n<p><a href=\"https:\/\/aandrijftechniektotaal.nl\/wp-content\/uploads\/2014\/01\/revisie3.jpg\"><img loading=\"lazy\" decoding=\"async\" class=\"alignleft size-thumbnail wp-image-64\" src=\"https:\/\/aandrijftechniektotaal.nl\/wp-content\/uploads\/2014\/01\/revisie3-150x150.jpg\" alt=\"\" width=\"150\" height=\"150\" \/><\/a><a href=\"https:\/\/aandrijftechniektotaal.nl\/wp-content\/uploads\/2014\/01\/revisie2.jpg\"><img loading=\"lazy\" decoding=\"async\" class=\"alignleft size-thumbnail wp-image-65\" src=\"https:\/\/aandrijftechniektotaal.nl\/wp-content\/uploads\/2014\/01\/revisie2-150x150.jpg\" alt=\"\" width=\"150\" height=\"150\" \/><\/a><a href=\"https:\/\/aandrijftechniektotaal.nl\/wp-content\/uploads\/2014\/05\/revisie13.jpg\"><img loading=\"lazy\" decoding=\"async\" class=\"alignleft size-thumbnail wp-image-118\" src=\"https:\/\/aandrijftechniektotaal.nl\/wp-content\/uploads\/2014\/05\/revisie13-150x150.jpg\" alt=\"\" width=\"150\" height=\"150\" \/><\/a><a href=\"https:\/\/aandrijftechniektotaal.nl\/wp-content\/uploads\/2014\/05\/revisie12.jpg\"><img loading=\"lazy\" decoding=\"async\" class=\"alignleft size-thumbnail wp-image-117\" src=\"https:\/\/aandrijftechniektotaal.nl\/wp-content\/uploads\/2014\/05\/revisie12-150x150.jpg\" alt=\"\" width=\"150\" height=\"150\" \/><\/a><\/p>\n","protected":false},"excerpt":{"rendered":"<p>Die Wartungsarbeiten werden in der Regel an Lagern und Abdichtungen von vielen verschiedenen Getrieben, R\u00fcttlern, Seilwinden, Schwertw\u00e4schern, Sieb- und Brechanlagen, Mischern, Elektromotoren, Feststoffpumpen und Fl\u00fcssigkeitskupplungen durchgef\u00fchrt. Falls erforderlich werden die Lager und Zahnr\u00e4der mit einer eigenen Induktionsheizung auf die richtige Temperatur gebracht. (Mit einer minimalen Innenbohrung von \u00f8 10mm und einer maximalen Au\u00dfenbohrung von \u00f8 [&hellip;]<\/p>\n","protected":false},"author":1,"featured_media":119,"parent":0,"menu_order":0,"comment_status":"closed","ping_status":"closed","template":"","meta":{"footnotes":""},"language":[8],"class_list":{"0":"post-1100","1":"page","2":"type-page","3":"status-publish","4":"has-post-thumbnail","6":"language-de_de","7":"czr-hentry"},"_links":{"self":[{"href":"https:\/\/aandrijftechniektotaal.nl\/index.php?rest_route=\/wp\/v2\/pages\/1100","targetHints":{"allow":["GET"]}}],"collection":[{"href":"https:\/\/aandrijftechniektotaal.nl\/index.php?rest_route=\/wp\/v2\/pages"}],"about":[{"href":"https:\/\/aandrijftechniektotaal.nl\/index.php?rest_route=\/wp\/v2\/types\/page"}],"author":[{"embeddable":true,"href":"https:\/\/aandrijftechniektotaal.nl\/index.php?rest_route=\/wp\/v2\/users\/1"}],"replies":[{"embeddable":true,"href":"https:\/\/aandrijftechniektotaal.nl\/index.php?rest_route=%2Fwp%2Fv2%2Fcomments&post=1100"}],"version-history":[{"count":12,"href":"https:\/\/aandrijftechniektotaal.nl\/index.php?rest_route=\/wp\/v2\/pages\/1100\/revisions"}],"predecessor-version":[{"id":1227,"href":"https:\/\/aandrijftechniektotaal.nl\/index.php?rest_route=\/wp\/v2\/pages\/1100\/revisions\/1227"}],"wp:featuredmedia":[{"embeddable":true,"href":"https:\/\/aandrijftechniektotaal.nl\/index.php?rest_route=\/wp\/v2\/media\/119"}],"wp:attachment":[{"href":"https:\/\/aandrijftechniektotaal.nl\/index.php?rest_route=%2Fwp%2Fv2%2Fmedia&parent=1100"}],"wp:term":[{"taxonomy":"language","embeddable":true,"href":"https:\/\/aandrijftechniektotaal.nl\/index.php?rest_route=%2Fwp%2Fv2%2Flanguage&post=1100"}],"curies":[{"name":"wp","href":"https:\/\/api.w.org\/{rel}","templated":true}]}}